{"id":3395,"date":"2024-11-19T10:05:36","date_gmt":"2024-11-19T09:05:36","guid":{"rendered":"https:\/\/boutique-de-jeanne-et-mila.fr\/?post_type=product&#038;p=3395"},"modified":"2026-02-24T11:08:10","modified_gmt":"2026-02-24T10:08:10","slug":"jean-denim-nadira-2","status":"publish","type":"product","link":"https:\/\/boutique-de-jeanne-et-mila.fr\/index.php\/produit\/jean-denim-nadira-2\/","title":{"rendered":"Jean Denim Nadira"},"content":{"rendered":"<p>Jean denim gris ou noir, taille haute , mod\u00e8le coupe large bas avec revers\u00a0 , 5 poches , passant \u00e0 ceinture , fermeture \u00e9clair plus bouton .<\/p>\n<p>Composition : 92% Coton 6% Polyester 2% Elasthanne<\/p>\n<p>Entretien : se r\u00e9f\u00e9rer \u00e0 l&#8217;\u00e9tiquette produit<\/p>\n","protected":false},"excerpt":{"rendered":"<p>Jean denim gris ou noir, taille haute , mod\u00e8le coupe large bas avec revers\u00a0 , 5 poches , passant \u00e0 ceinture , fermeture \u00e9clair plus bouton . Composition : 92% Coton 6% Polyester 2% Elasthanne Entretien : se r\u00e9f\u00e9rer \u00e0 l&#8217;\u00e9tiquette produit<\/p>\n","protected":false},"featured_media":3441,"comment_status":"open","ping_status":"closed","template":"","meta":[],"product_brand":[],"product_cat":[42,373],"product_tag":[],"class_list":{"0":"post-3395","1":"product","2":"type-product","3":"status-publish","4":"has-post-thumbnail","6":"product_cat-saison-automne-hiver","7":"product_cat-jean-denim-nadira","8":"pa_couleur-gris","9":"pa_couleur-noir-delave","11":"first","12":"instock","13":"sale","14":"shipping-taxable","15":"purchasable","16":"product-type-variable"},"jetpack_sharing_enabled":true,"_links":{"self":[{"href":"https:\/\/boutique-de-jeanne-et-mila.fr\/index.php\/wp-json\/wp\/v2\/product\/3395","targetHints":{"allow":["GET"]}}],"collection":[{"href":"https:\/\/boutique-de-jeanne-et-mila.fr\/index.php\/wp-json\/wp\/v2\/product"}],"about":[{"href":"https:\/\/boutique-de-jeanne-et-mila.fr\/index.php\/wp-json\/wp\/v2\/types\/product"}],"replies":[{"embeddable":true,"href":"https:\/\/boutique-de-jeanne-et-mila.fr\/index.php\/wp-json\/wp\/v2\/comments?post=3395"}],"wp:featuredmedia":[{"embeddable":true,"href":"https:\/\/boutique-de-jeanne-et-mila.fr\/index.php\/wp-json\/wp\/v2\/media\/3441"}],"wp:attachment":[{"href":"https:\/\/boutique-de-jeanne-et-mila.fr\/index.php\/wp-json\/wp\/v2\/media?parent=3395"}],"wp:term":[{"taxonomy":"product_brand","embeddable":true,"href":"https:\/\/boutique-de-jeanne-et-mila.fr\/index.php\/wp-json\/wp\/v2\/product_brand?post=3395"},{"taxonomy":"product_cat","embeddable":true,"href":"https:\/\/boutique-de-jeanne-et-mila.fr\/index.php\/wp-json\/wp\/v2\/product_cat?post=3395"},{"taxonomy":"product_tag","embeddable":true,"href":"https:\/\/boutique-de-jeanne-et-mila.fr\/index.php\/wp-json\/wp\/v2\/product_tag?post=3395"}],"curies":[{"name":"wp","href":"https:\/\/api.w.org\/{rel}","templated":true}]}}