{"id":2343,"date":"2024-04-05T12:10:03","date_gmt":"2024-04-05T10:10:03","guid":{"rendered":"https:\/\/boutique-de-jeanne-et-mila.fr\/?post_type=product&#038;p=2343"},"modified":"2025-09-04T14:42:21","modified_gmt":"2025-09-04T12:42:21","slug":"pantalon-ghislaine","status":"publish","type":"product","link":"https:\/\/boutique-de-jeanne-et-mila.fr\/index.php\/produit\/pantalon-ghislaine\/","title":{"rendered":"PANTALON GHISLAINE"},"content":{"rendered":"<p>Le pantalon \u00e0 une taille \u00e9lastique , Imprim\u00e9 int\u00e9gral , Mod\u00e8le cargo ,Ample<\/p>\n<p>4 poches dont 2 lat\u00e9rales<\/p>\n<p>COMPOSITION :\u00a0 80% viscose 20% lin<\/p>\n","protected":false},"excerpt":{"rendered":"<p>Le pantalon \u00e0 une taille \u00e9lastique , Imprim\u00e9 int\u00e9gral , Mod\u00e8le cargo ,Ample 4 poches dont 2 lat\u00e9rales COMPOSITION :\u00a0 80% viscose 20% lin<\/p>\n","protected":false},"featured_media":2306,"comment_status":"open","ping_status":"closed","template":"","meta":[],"product_brand":[],"product_cat":[308,41],"product_tag":[],"class_list":{"0":"post-2343","1":"product","2":"type-product","3":"status-publish","4":"has-post-thumbnail","6":"product_cat-pantalon-ghislaine","7":"product_cat-saison-printemps-ete","8":"pa_couleur-sable-combo","10":"first","11":"instock","12":"shipping-taxable","13":"purchasable","14":"product-type-variable"},"jetpack_sharing_enabled":true,"_links":{"self":[{"href":"https:\/\/boutique-de-jeanne-et-mila.fr\/index.php\/wp-json\/wp\/v2\/product\/2343","targetHints":{"allow":["GET"]}}],"collection":[{"href":"https:\/\/boutique-de-jeanne-et-mila.fr\/index.php\/wp-json\/wp\/v2\/product"}],"about":[{"href":"https:\/\/boutique-de-jeanne-et-mila.fr\/index.php\/wp-json\/wp\/v2\/types\/product"}],"replies":[{"embeddable":true,"href":"https:\/\/boutique-de-jeanne-et-mila.fr\/index.php\/wp-json\/wp\/v2\/comments?post=2343"}],"wp:featuredmedia":[{"embeddable":true,"href":"https:\/\/boutique-de-jeanne-et-mila.fr\/index.php\/wp-json\/wp\/v2\/media\/2306"}],"wp:attachment":[{"href":"https:\/\/boutique-de-jeanne-et-mila.fr\/index.php\/wp-json\/wp\/v2\/media?parent=2343"}],"wp:term":[{"taxonomy":"product_brand","embeddable":true,"href":"https:\/\/boutique-de-jeanne-et-mila.fr\/index.php\/wp-json\/wp\/v2\/product_brand?post=2343"},{"taxonomy":"product_cat","embeddable":true,"href":"https:\/\/boutique-de-jeanne-et-mila.fr\/index.php\/wp-json\/wp\/v2\/product_cat?post=2343"},{"taxonomy":"product_tag","embeddable":true,"href":"https:\/\/boutique-de-jeanne-et-mila.fr\/index.php\/wp-json\/wp\/v2\/product_tag?post=2343"}],"curies":[{"name":"wp","href":"https:\/\/api.w.org\/{rel}","templated":true}]}}