{"id":2115,"date":"2024-03-28T00:08:31","date_gmt":"2024-03-27T23:08:31","guid":{"rendered":"https:\/\/boutique-de-jeanne-et-mila.fr\/?post_type=product&#038;p=2115"},"modified":"2025-09-16T11:35:40","modified_gmt":"2025-09-16T09:35:40","slug":"veste-en-jean-texan","status":"publish","type":"product","link":"https:\/\/boutique-de-jeanne-et-mila.fr\/index.php\/produit\/veste-en-jean-texan\/","title":{"rendered":"veste en jean texan"},"content":{"rendered":"<p>Veste en jean avec coutures apparentes et poches lat\u00e9rales.<\/p>\n<p>D\u00e9couvrez la pi\u00e8ce incontournable du dressing avec cette veste en jean disponible en 2 teintes, bleu clair ou bleu fonc\u00e9\u00a0 avec poches lat\u00e9rales et coutures apparentes. Coupe standard et avec une touche d&#8217;\u00e9lasthanne pour plus de confort.<\/p>\n<p>Composition : 99% COTON 1% ELASTANNE<\/p>\n","protected":false},"excerpt":{"rendered":"<p>Veste en jean avec coutures apparentes et poches lat\u00e9rales. D\u00e9couvrez la pi\u00e8ce incontournable du dressing avec cette veste en jean disponible en 2 teintes, bleu clair ou bleu fonc\u00e9\u00a0 avec poches lat\u00e9rales et coutures apparentes. Coupe standard et avec une touche d&#8217;\u00e9lasthanne pour plus de confort. Composition : 99% COTON 1% ELASTANNE<\/p>\n","protected":false},"featured_media":2120,"comment_status":"open","ping_status":"closed","template":"","meta":[],"product_brand":[],"product_cat":[41,258],"product_tag":[],"class_list":{"0":"post-2115","1":"product","2":"type-product","3":"status-publish","4":"has-post-thumbnail","6":"product_cat-saison-printemps-ete","7":"product_cat-veste-en-jean-texan","8":"pa_couleur-bleu-clair","9":"pa_couleur-bleu-fonce","11":"first","12":"instock","13":"shipping-taxable","14":"purchasable","15":"product-type-variable"},"jetpack_sharing_enabled":true,"_links":{"self":[{"href":"https:\/\/boutique-de-jeanne-et-mila.fr\/index.php\/wp-json\/wp\/v2\/product\/2115","targetHints":{"allow":["GET"]}}],"collection":[{"href":"https:\/\/boutique-de-jeanne-et-mila.fr\/index.php\/wp-json\/wp\/v2\/product"}],"about":[{"href":"https:\/\/boutique-de-jeanne-et-mila.fr\/index.php\/wp-json\/wp\/v2\/types\/product"}],"replies":[{"embeddable":true,"href":"https:\/\/boutique-de-jeanne-et-mila.fr\/index.php\/wp-json\/wp\/v2\/comments?post=2115"}],"wp:featuredmedia":[{"embeddable":true,"href":"https:\/\/boutique-de-jeanne-et-mila.fr\/index.php\/wp-json\/wp\/v2\/media\/2120"}],"wp:attachment":[{"href":"https:\/\/boutique-de-jeanne-et-mila.fr\/index.php\/wp-json\/wp\/v2\/media?parent=2115"}],"wp:term":[{"taxonomy":"product_brand","embeddable":true,"href":"https:\/\/boutique-de-jeanne-et-mila.fr\/index.php\/wp-json\/wp\/v2\/product_brand?post=2115"},{"taxonomy":"product_cat","embeddable":true,"href":"https:\/\/boutique-de-jeanne-et-mila.fr\/index.php\/wp-json\/wp\/v2\/product_cat?post=2115"},{"taxonomy":"product_tag","embeddable":true,"href":"https:\/\/boutique-de-jeanne-et-mila.fr\/index.php\/wp-json\/wp\/v2\/product_tag?post=2115"}],"curies":[{"name":"wp","href":"https:\/\/api.w.org\/{rel}","templated":true}]}}